)))?
-9
-4 + 19 + -71 + (2 - 7 - (-7 + 5))
-59
Evaluate 51 + 31 + 10 + 12 + -33.
71
(-23 + (-1 - -12) - (-81 + 18)) + (-6 - 0)
45
What is the value of 18 + 14 + -9 + -65?
-42
(9 - 9) + -4 + -2 + -2 - (-3 + 6)
-11
-19 + 27 + -49 + 54
13
What is the value of -57 - (-39 - (-48 - -6))?
-60
Evaluate -18 + (18 - 29 - -25) - 46.
-50
What is the value of -53 + 5 + -16 + (-60 - -35)?
-89
Calculate 6 - (84 + (29 - -13 - 28 - (2 + 25))).
-65
Evaluate -10 + 96 + -1 + -52 + 44.
77
Calculate -219 - -204 - (2 - (24 - -2)).
9
What is the value of -5 + -13 - (-4 - 0) - 4?
-18
What is the value of 13 - (130 + -47 + -47 - (1 - -9))?
-13
What is the value of 15 + 1 - (84 + -39 + -17) - 46?
-58
Calculate (-1 + -3 + 10 - 3) + (-6 - (-6 - 9)).
12
What is 31 + -14 + -92 - -29?
-46
What is (18 - -26) + -124 + 144?
64
What is the value of (0 + -1 - ((-16 - -34) + 27)) + 11?
-35
(2 - 30) + (-3 - -3) + -1969 + 1973
-24
3 + -50 + -95 + 70
-72
110 + -111 + 101 - 53
47
What is 1 - (3 + 7) - (-84 + (28 - -9))?
38
41 + 2 - (-2 + -6 + 1 + 8)
42
What is 84 - 1 - (-9447 - -9419)?
111
What is the value of (30 - (4 - -62)) + -23 + 3 + -3 + 1?
-58
Evaluate (0 - (-2 - 0)) + (61 - (-4 + -7 + 108)).
-34
25 + (-3 - (1 - (-5 + 15)) - (-99 + 109))
21
(3 + -31 - ((34 + -11 - 22) + -8)) + -14
-35
What is (-1 - (-89 + 7)) + -28?
53
What is the value of (-11 - (-6 + 3 + -8 - -1)) + -42?
-43
Evaluate 64 - ((-18 - -14) + 29 + -30).
69
What is the value of -65 + 80 + -27 - -12?
0
What is -1 + (-6 - (13 - 18))?
-2
What is the value of 32 + -18 + -27 + (-1 - -9) + (0 - 116)?
-121
What is -11 + (6 + 1 - 7) + (16 - -11)?
16
1 + 3 + (8 - (9 + (2 - (-11 - 30))))
-40
What is -34 - (-10 + 7 + 0 + 2 + 14 + -7)?
-40
What is (-7 - (-21 + -2 + (-6 - -13))) + -27?
-18
Evaluate -104 + -20 + -17 + 0 + -15.
-156
What is (-106 - -12) + -2 - (26 + -41)?
-81
Evaluate -753 + 736 + (-3 + 2 - -41).
23
Calculate 9 - (15 + -34 - -92) - (1 + -3).
-62
Evaluate 12 - ((-7 + -15 + -1 - -20) + (0 - -6)).
9
88 - (25 + 35) - 14
14
Evaluate -85 + 3 + 18 + (-94 + 68 - 17).
-107
What is 29 + -38 - (39 - 41)?
-7
What is -4 - -67 - (-10 - (4 + -3) - (105 + -117))?
62
Calculate (-6 - (-3 - -14 - (20 + (-3 - 1)))) + -16.
-17
What is 19 - (127 - -3 - (28 - 27) - 10)?
-100
What is the value of 7 + 0 - (-35 + 16 + 15 + 2) - -7?
16
Evaluate (-73 - (-32 - 108)) + -17.
50
What is the value of 17 - ((26 - -43) + 19) - 16?
-87
What is the value of -4 - ((13 - 4) + (-5 - -3) + 33)?
-44
Calculate -2 + -2 + -28 + (4 - (22 - 19) - -19).
-12
(154 - 219) + 73 + -118
-110
Calculate -439 + 451 - (-15 + (4 - -1 - 4)).
26
What is -100 + (-1 - (0 - 9)) - (0 + (-13 - -2))?
-81
(-109 - (-3 + 1)) + -17 + 17 + 2 - 0
-105
-61 + 56 - 6 - (-33 + -2)
24
Calculate (-7 - -2) + 7032 + -7114.
-87
What is 14 + (-17 - (-23 - 5)) - -5?
30
Evaluate (13 - (-28 + 60)) + (32 - -18).
31
Calculate -1 - (1 - 2) - ((114 - 13) + -103).
2
What is the value of -18 - 24 - (8 - 22 - 6)?
-22
Evaluate -8 + 2 - (-1 + 40 - (68 - 33)).
-10
Calculate 10 + (3 - -5 - (-10 + 21 + -13 + 67)).
-47
Calculate (-6 + -7 - 1) + -17 - (0 - 2).
-29
Evaluate -30 + 26 + 62 + -9.
49
What is 15 + (-116 - -41) + (2 - 0 - 3) - 8?
-69
What is -4 - ((-6 + -45 - (-5 + -15)) + 16)?
11
Evaluate -22 + 35 - 78 - -58.
-7
What is the value of 7 - (-28 - 76) - 53?
58
Evaluate 41 + (-154 + 159 - (-2 + 3 + -2 + 11)).
36
-5 + -7 + -3 + -7 - 5
-27
What is -6 - (-114 + 130 + (-1 - 13))?
-8
(-1 - 19) + (-24 - (-63 - -40))
-21
Calculate -2 - -14 - (-19 - 8 - (40 + -39)).
40
What is the value of 1 + -14 - (17 + (15 - 42) + 20)?
-23
57 + -92 - (2 - -19 - -8)
-64
What is the value of 21 - (13 - (6 - 21))?
-7
What is the value of 860 + -917 - (1 - (-4 + 1))?
-61
What is the value of 3 + (-10 - 41) + (-15 - -22) + -10?
-51
What is 6 - -14 - (118 + -148)?
50
5 + -2 - -4 - -3 - 69 - (-17 - -14)
-56
Calculate -16 + 11 - (-1 + 18 + (7 + -1 - 7)).
-21
What is the value of -49 - -47 - (3 - (2 - 4)) - -20?
13
274 - 287 - (-8 + 4 - (-2 + -2))
-13
What is the value of -24 - (32 - (109 - 42))?
11
What is 0 - (21 + -57) - 139?
-103
Calculate 63 - (28 + -25 + 86).
-26
(-110 - (20 + -99)) + -61
-92
What is ((-17 - 259) + 292 - ((1 - 1) + 7)) + -66?
-57
Calculate (72 - 62) + -76 + 75.
9
What is 11 - ((146 - (-21 + 22)) + 4 - 21)?
-117
Calculate -69 + (71 - (33 + -49)).
18
Calculate 7 + (3 + -13 - (-1 - (-4 + 34))).
28
1 - -8 - ((165 - 151) + 13 + 2)
-20
What is (1 - 7) + -83 - (-22 + -6 - -23)?
-84
Calculate (-824 - -964) + (-1 - 75).
64
Calculate 32 - (10 - ((-7 - (12 - 39)) + -3)).
39
Evaluate -40 - (-181 - (-258 - -150)).
33
6 - 124 - (-509 + 433)
-42
Calculate -39 - (-18 + 0 - (33 - (-27 - -76))).
-37
What is 38 + 26 - (-11 + -6) - 11 - 10?
60
-48 + -42 + -62 + 116
-36
What is the value of (79 + -2 - (0 - 2 - -6)) + -84 + 79?
68
4 - (2 - (14 + -6) - (-18 - -26 - 31))
-13
89 + (-49 - (-13 + 17))
36
What is (-8602 - -8561) + (-14 + 1 - 1)?
-55
(-5 - -2) + -16 - (-18 + (-2 - -33))
-32
Evaluate 18 - (53 + 18 + (18 - 60)).
-11
Calculate -1 - -5 - (61 - 73) - (45 - -7).
-36
Evaluate (-24 - -5) + 22 - -20 - (8 + -28).
43
Evaluate 0 - -142 - 3 - (34 - (11 + 11 + 7)).
134
Calculate -48 - (-152 - -180 - (0 + 26)).
-50
What is -16 + (-72 - -25 - -9 - -55)?
1
Evaluate 2 + (39 + -52 - (-3 + -107)) + (0 - -7).
106
Calculate -9 + -1 + (-31 - -40) + -54 + -4 + -22.
-81
Evaluate -122 - ((-81 - -31) + -24).
-48
Calculate -52 + 28 - -15 - 45.
-54
What is 8 + -5 - ((39 - 0) + -2 + -4 + 13)?
-43
Calculate (-2 - -2 - (-16 + 13 - 9)) + 2.
14
Calculate 58 + -33 + (1 - 0) + 50.
76
Evaluate (0 + 1 - -12) + -22 + 59 + -44 - 18.
-12
Calculate -49 + (-1 + 1 - 2 - (289 - 304)).
-36
What is 16 - -6 - (119 + -42 + -108)?
53
What is -54 + (20 - (13 + 22)) + 27 + -16?
-58
(70 - (10 - -14)) + (-20 - -2)
28
What is (-9 - -67 - 69) + (1 - (-1 + (3 - -1)))?
-13
(16 + -51 - -15) + 34 - 151
-137
What is the value of 62 + (-20 - ((2 - 4) + (35 - 46)))?
55
0 + (20 - (25 - -2)) - -5 - (-1 - -5)
-6
(-1 - -14) + (-16 + 10 - -12) - 14
5
Calculate 1 - -7 - (-75 + -28 + 53 + (16 - 1)).
43
Evaluate -4 - (3 + 20) - (-11 - (-11 + -19 - -18)).
-28
-22 + (68 - 182 - -117) + (0 - (-4 + -1))
-14
What is -60 + 95 + (1 - -4 - (27 + -27))?
40
What is the value of 11 - (-1 + 4 + -2 + 9) - (-11 - -2)?
10
What is (-19 - (11 - (-2 + 4))) + -7?
-35
Calculate 263 + -244 + (9 - (-9 + 2)).
35
What is the value of 84 - 75 - -40 - (9 + 4)?
36
-2 - (-29 - (-24 - -4) - 5)
12
What is the value of (-50 - (87 + -148)) + 1 + 15?
27
What is the value of 323 + -264 - (-9 + 41)?
27
Calculate (-26 - (93 + -153)) + 35.
69
What is -5 + (-6 - (3 + -3 + 2)) - (-54 + 7)?
34
What is (-7 - -4) + 3 - ((-244 - -213) + 17 + 0)?
14
-44 + (2 - 1) + (-872 - -893)
-22
Calculate -29 + (30 - -28) - -15.
44
Calculate 1 + (72 - 88) + 2 + 1 - 53.
-65
What is the value of -28 - (25 + 96 - 36)?
-113
What is -97 - ((3 - 3) + -3 - (-72 + 64 + 3))?
-99
Evaluate 5 - (-30 - (-27 + -16)).
-8
(-33 + 93 - 39) + 0 + (-7 - -2)
16
What is 122 + -117 - -41 - 157?
-111
-55 - -21 - (38 + -17) - -24
-31
What is 23 + -42 + (12 - (8 - 5) - 0)?
-10
What is -1 + 9 + -2 - (540 - 532)?
-2
-395 + 373 - (-30 - 4)
12
400 + -379 + (51 - 4) + 4
72
Calculate 172 - (-117 + 84 + 147).
58
Evaluate 40 - (55 + -10 + -37).
32
What is 18 - 13 - 17 - 1?
-13
Calculate (-133 - -187) + (15 - (-2 + 2)).
69
What is 11 + -1 - (-306 - (-211 + -100))?
5
Evaluate 4 + 57 + (-1 - -11 - (7 + -1)) + -2.
63
What is -11 + (32 + (-13 - -1) - 4 - 18)?
-13
Calculate -20 + (-6 - (-5 + 19 + -33 - 84)).
77
What is (9 - -1) + -2 + (271 + -103 - 90)?
86
What is the value of -154 - (-207 + 92) - (-1 + 27)?
-65
-41 + (70 - (-2 - -38))
-7
What is the value of 7 + -8 + 3 + 8 - (-22 - -14 - 0)?
18
What is 99 + 1 - (56 - 7)?
51
What is (8 - 47) + 20 + 6?
-13
What is (38456 - 38538) + 63 + -1?
-20
-1193 + 1306 + -3 + -30 + 3
83
4 + 3 - 1 - (-13 + 23)
-4
-11 + (12 - -32) + -33
0
Calculate -3 - 98 - (5 + 80 - 92).
-94
What is the value of (-3744 - -3788) + (-1 - 18 - 0)?
25
What is (-18 + 47 - 46) + (-10 - -9)?
-18
What is -6 - -4 - 7 - (-44 + 42)?
-7
What is the value of 169 + -106 - (-3 - (-12 + (12 - 6)))?
60
4 - (64 + -57 - (2 - (46 + -7)))
-40
What is the value of 6 - 10 - 6 - (20 + -17 + 0 - 1)?
-12
What is -94 + 148 + -91 + -14?
-51
-51 - ((-20 - -1) + -109 + 107)
-30
Evaluate -42 + 1